 + 6*o**u - 1. Let w = -820 + 817. Determine k(w).
8
Suppose -4*w + 4 = -2*x, -1 = -23*w + 20*w + 2*x. Let i(j) be the first derivative of 0*j**2 + 2*j + 1/3*j**3 - w. Give i(0).
2
Let i(h) = h**2 - h - 33. Suppose 2*c = 2*u + 8, -5*c - 2*u + 8 = -4*u. What is i(c)?
-33
Let l(a) be the second derivative of a**3/6 - a**2 + 9*a. Suppose -2*b = -4*b - 34. Let j = b - -20. Determine l(j).
1
Let b(t) be the third derivative of 0 - 1/3*t**4 + 0*t + 1/6*t**3 - 15*t**2. Give b(-2).
17
Let o(t) = -t**3 - 25*t**2 - 43*t + 11. Let l be o(-23). Let y be l/8 + 2 + 1/4. Let j(h) = -3*h - 1. Calculate j(y).
14
Let h(v) = v**2 + 6*v - 15. Let f(c) = c**2 + 6*c - 14. Let a(z) = 5*f(z) - 4*h(z). What is a(-8)?
6
Suppose 26 = -7*k + 54. Let c(g) = g**3 - 4*g**2 + g + 3. Determine c(k).
7
Let x(f) be the second derivative of 5/12*f**4 - 24*f - 1/20*f**5 + 7/6*f**3 + 3*f**2 + 0. Determine x(6).
12
Let q(u) = 3*u**2 + 7*u + 3. Suppose 0 = 4*b - 3*b + 4*c - 19, 20 = 2*b + 2*c. Let z(n) = -n**2 - 2*n - 1. Let j(x) = b*z(x) + 2*q(x). Determine j(0).
-1
Let a(q) = q**2 - 2*q + 6. Let m be 12/(-42) + (-6)/(-21). What is a(m)?
6
Let w = -43 - -45. Let r(v) = 17*v**2 - 3*v**2 - 5*v - w - 6*v**2 - 3*v**2 + v**3. Determine r(-6).
-8
Let n be (-9)/6 + 3/2. Let i(h) = 0*h - 8 - h + n*h. Suppose -20*t - 207 = -67. Give i(t).
-1
Let d(s) = s**2 - 14*s + 31. Let f(v) = -v**2 + 33*v - 83. Let r be f(30). Calculate d(r).
-18
Let n(w) = 4 + w**2 - 10 + 7*w + 13. Let s(k) = -k**3 - 3*k**2 - k - 4. Let r be s(-2). What is n(r)?
1
Let u(y) = 11*y + 3. Let z(q) = 15*q - 10*q - 4 + 5. Let i(h) = -4*u(h) + 9*z(h). Let g be i(7). Let m(s) = -s**3 + 5*s**2 - 3*s - 3. What is m(g)?
1
Let z(f) = -4*f + 15. Let x(j) = -7*j + 28. Let u(v) = -6*x(v) + 11*z(v). Suppose k + 0*k = -6. Let p(c) = 2*c + 9. Let i be p(k). What is u(i)?
3
Let c(r) = 2*r - 11. Let v(f) be the third derivative of -5*f**4/24 + 16*f**3/3 - 14*f**2. Let m(o) = 8*c(o) + 3*v(o). Determine m(-6).
2
Let q be 8/6 - (-2 + (-21)/(-9)). Let z(k) be the third derivative of -k**5/30 - k**4/24 + k**3/6 + 6*k**2. Calculate z(q).
-2
Let d(h) = h**2 + 10*h - 10. Let c(b) = -b. Let u = -21 - -21. Suppose 6*v - v - 25 = u. Let a(j) = v*c(j) + d(j). Give a(-7).
4
Let w(r) = r**3 - 3*r**2 - 4*r - 1. Let m = -33 - -36. Calculate w(m).
-13
Let z(y) = -2*y - 5*y**3 - 1 + y**3 + 2*y**2 + 2*y**2. Let i(m) = 7*m + 212. Let s be i(-30). What is z(s)?
-21
Let j(d) be the second derivative of d**7/840 - d**6/60 - 7*d**5/120 - d**4/24 + 16*d**3/3 + 11*d. Let g(s) be the second derivative of j(s). Calculate g(7).
-1
Suppose -24 = 16*k + 56. Let y(c) = 3*c + 2. Calculate y(k).
-13
Suppose -369 = 67*o + 33. Let x(g) = -g**2 - 7*g + 8. Give x(o).
14
Let d(h) be the second derivative of -h**4/12 - h**3/2 + h**2 + h. Suppose l + l - 6 = 0. Suppose 4*c - 18 = 2*v, 3 - 9 = -l*v - 5*c. What is d(v)?
2
Let m(i) = 13*i**3 - 13*i**2 - 9*i + 12. Let c(w) = 28*w**3 - 29*w**2 - 19*w + 26. Let y(l) = 6*c(l) - 13*m(l). Calculate y(-5).
-15
Let t(z) = z**3 + 8*z**2 - 4. Let n(s) = s**3 + 3*s**2 + 5*s + 15. Let k be n(-3). Suppose -4*o - 4*m - 36 = k, 3*o + 3 = 5*m - 16. What is t(o)?
-4
Let m(j) = -29*j**2 - 23*j + 3. Let o(r) be the second derivative of 5*r**4/6 + 4*r**3/3 - r**2/2 - 2*r. Let a(d) = 6*m(d) + 17*o(d). Determine a(1).
-5
Let u(i) = 10 - 1132*i + 4*i**2 + 1144*i + i**3 + 2*i**2. Give u(-5).
-25
Suppose -48*l = 171 + 453. Let j(t) = 2*t + 24. Calculate j(l).
-2
Suppose -12 = -3*m, 5*m = 3*w + 6*m - 253. Suppose w = -5*d + 33. Let v(x) = x + 8. Give v(d).
-2
Suppose 0 - 4 = -r. Let u(y) = 24*y + 3 - 1 - 32*y + 5*y - 1. Calculate u(r).
-11
Let d(y) = 5*y - 4*y**2 + 0*y + 0*y - y**3 - 1 + y. Let m = 16 - 21. Let a be 26/m + 3/15. Determine d(a).
-6
Let f(x) = x**2 - x + 1. Let s = 10 + -9. Let g be s/(5/435*-3). Let w = g - -31. Calculate f(w).
3
Let o be (-90)/(-20)*(0 + 6). Let h = -29 + o. Let k(p) = -2*p**2 + 2. Give k(h).
-6
Let x(k) = -9*k - 25 + 7*k + 1 + 0*k. What is x(-15)?
6
Let m(r) = 2*r**2 + 3*r - 14. Let n be m(-6). Let k be 32/n + 16/5. Let f(z) be the third derivative of z**4/24 - 5*z**3/6 - z**2. Determine f(k).
-1
Let o(g) be the first derivative of g**5/60 + 5*g**4/24 + g**3/6 + 3*g**2 - 11. Let y(u) be the second derivative of o(u). Give y(-5).
1
Let w(g) = g + 11. Let b = 0 + -5. Let h be w(b). Let p(d) be the first derivative of -d**3/3 + 7*d**2/2 - 9*d + 17. What is p(h)?
-3
Let q(v) be the third derivative of v**4/6 - v**3/6 + 5*v**2. Suppose 4 = -5*z + 9. Determine q(z).
3
Let w(f) = -5 + f - 3*f + 7*f. Let t(i) = -i**2 + 7*i - 8. Let g be t(4). Give w(g).
15
Let d(s) = 2*s + 3. Let m be d(5). Suppose 2*a - m = -11. Let z(g) = -3 - g + 3. Determine z(a).
-1
Let i(p) be the second derivative of p**3/2 + 3*p**2/2 + p. Let b(a) = 4 + 1 - 1 - 5. Let r(d) = b(d) + i(d). Calculate r(-3).
-7
Let p(m) be the second derivative of m**4/12 - m**3 - m**2 + m. Suppose -4 = -j, -q + 3*j + 1 = 2*j. Determine p(q).
-7
Let u(v) = -v**2 + 3*v**2 + 0*v**2 - v - 4*v**2 - 1. Calculate u(0).
-1
Let r(o) = 2*o**2 - 10*o + 7. Let z(n) = -n. Let s(m) = -r(m) + 4*z(m). What is s(5)?
-27
Let n = 61 - 56. Let i(g) be the third derivative of -g**6/120 + g**5/15 + 5*g**4/24 + 7*g**3/6 + 9*g**2. What is i(n)?
7
Let k be 2*(4 + 45/(-12)). Let h(a) be the second derivative of -1/12*a**4 + 4*a + k*a**3 + a**2 + 0. Determine h(4).
-2
Let h(f) = 2*f + 2*f + 4 - 2. Suppose -3*n + 25 = 2*n, n - 9 = -2*j. Give h(j).
10
Let f(t) = 2*t**2 + 2*t + 2. Let g = -224 - -222. Give f(g).
6
Suppose 4*t + 4*v + 12 = 0, 4*v - 1 = t + 3*v. Let k(g) be the second derivative of -g**2 + 0 - 1/3*g**3 - g. What is k(t)?
2
Suppose 0 = 242*r - 244*r - 12. Let y(i) = -i - 16. Calculate y(r).
-10
Let o(n) = n + 5. Let x(h) = -h - 12. Let j = 3 + -15. Let q be x(j). Suppose 2*k - 2 - 12 = -5*l, q = -4*l + 2*k + 22. Determine o(l).
9
Suppose 0 = 2*y - 4*m - 14, 4*m - m + 15 = -3*y. Let p(q) = -q**2 + q - 1. Let u(g) = -3*g**2 + g + 2. Let n(l) = y*u(l) + 2*p(l). Determine n(-4).
8
Let x(i) = 9553 - 4772 - 4780 - i**2 + 8*i. Determine x(7).
8
Let d be 1/(-1)*1 - -2. Let m(j) = 8320 - 8320 - 3*j. Calculate m(d).
-3
Let m(w) be the first derivative of 16*w**2 + 2*w + 62. Determine m(-1).
-30
Let y = -4 - 2. Let x(r) = r**3 + 67*r**2 - 2*r - 22. Let m(b) = 3*b**3 + 191*b**2 - 5*b - 63. Let n(a) = 6*m(a) - 17*x(a). What is n(y)?
8
Suppose -2*w - 29 = -5*z, 4*z + 3*w = 4*w + 25. Let l(v) = 3 - v + 9*v - 4 - 6*v**2 + z*v**2. Give l(-6).
-13
Let x(o) = 5*o**2 - 4*o**2 - 2*o**2 + 6*o. Suppose 5*s - 13 = 2. Suppose -20 = -5*p - 2*j, -p + 8 = -j - s. Give x(p).
0
Let s(w) be the first derivative of -2*w - 1/6*w**3 + 1/2*w**2 - 1/6*w**4 - 2. Let o(p) be the first derivative of s(p). Give o(1).
-2
Suppose 2*k = 5*y - 0*y - 2, -4*y - 3*k = 3. Let l(u) be the second derivative of y + 1/12*u**4 - 3*u**2 - u**3 - u. Determine l(6).
-6
Let d(f) = -f - 1. Let s = -33 + 44. Let i = s + -12. Calculate d(i).
0
Let i(d) = 2143*d - 3*d**2 - 2142*d - 3*d**2 + d**3 - 5. Give i(6).
1
Suppose 2*t + 15 + 11 = -2*n, 19 = -3*t + n. Let s be t/(-12)*3/2. Let y(m) = -4*m**2 - m + 1. Give y(s).
-4
Suppose 0 = 5*j - 21 - 114. Suppose 5*f = -3 - j. Let u(y) = -1 + 0*y**2 + 6 - 5*y - y**2. Calculate u(f).
-1
Let j(d) = d**2 + d - 4. Let x(n) = n**2 - 4. Let g(w) = -4*j(w) + 5*x(w). Suppose 163 + 33 = 28*y. Give g(y).
17
Let o(p) = 2*p + 6. Let f(b) = -b + 1. Let a(w) = -2*f(w) + o(w). Let c = -7 + 4. Give a(c).
-8
Let t be (405/(-108))/((-5)/20). Let a(c) = -c**2 + 15*c - 20. Give a(t).
-20
Let r(f) = f**2 + 21*f - 22. Let k = -3106 + 3084. Give r(k).
0
Let k = 18 - 13. Let y(j) be the first derivative of j**3/2 - 3*j**2 - 30*j + 19. Let c(b) be the first derivative of y(b). What is c(k)?
9
Let t(n) = 3*n**2 + n - 3. Let h(f) = -3*f**2 + 2. Let z(q) = 4*h(q) + 3*t(q). Calculate z(2).
-7
Let x be (3 + -10)*(3 + -4). Let r be ((-20)/10)/(2/x). Let t(n) = -5 + 6 + n**2 + 6 + 3 + 8*n. Determine t(r).
3
Let l(g) = -g**3 - 11*g**2 - 10*g - 5. Let n be (-2)/9 - -220*8/(-180). Determine l(n).
-5
Let z(p) = p**3 - 2*p**2 - 4*p - 1. Let g = -14 - -16. Suppose -5 = -g*i + 1. Determine z(i).
-4
Let c(g) = -g**2 - 7*g - 5. Let k(p) = 5*p - 44. Let v be k(8). What is c(v)?
7
Let l(a) = -121*a - 4 + 119*a + 0 - a**2. Determine l(-2).
-4
Let